{"id":3365,"date":"2025-12-01T14:44:30","date_gmt":"2025-12-01T13:44:30","guid":{"rendered":"https:\/\/cerv.gov.sk\/?page_id=3365"},"modified":"2025-12-04T15:52:19","modified_gmt":"2025-12-04T14:52:19","slug":"oz-prima","status":"publish","type":"page","link":"https:\/\/cerv.gov.sk\/index.php\/projekty\/oz-prima\/","title":{"rendered":"OZ Prima"},"content":{"rendered":"\t\t<div data-elementor-type=\"wp-page\" data-elementor-id=\"3365\" class=\"elementor elementor-3365\">\n\t\t\t\t<div class=\"elementor-element elementor-element-b4a5403 e-flex e-con-boxed e-con e-parent\" data-id=\"b4a5403\" data-element_type=\"container\" data-settings=\"{&quot;background_background&quot;:&quot;classic&quot;}\">\n\t\t\t\t\t<div class=\"e-con-inner\">\n\t\t<div class=\"elementor-element elementor-element-3dbee1d e-con-full e-flex e-con e-child\" data-id=\"3dbee1d\" data-element_type=\"container\">\n\t\t\t\t<div class=\"elementor-element elementor-element-ef7348c elementor-widget elementor-widget-heading\" data-id=\"ef7348c\" data-element_type=\"widget\" data-widget_type=\"heading.default\">\n\t\t\t\t<div class=\"elementor-widget-container\">\n\t\t\t\t\t<h1 class=\"elementor-heading-title elementor-size-default\">Ob\u010dianske zdru\u017eenie Prima<\/h1>\t\t\t\t<\/div>\n\t\t\t\t<\/div>\n\t\t\t\t<div class=\"elementor-element elementor-element-105a898 elementor-widget elementor-widget-text-editor\" data-id=\"105a898\" data-element_type=\"widget\" data-widget_type=\"text-editor.default\">\n\t\t\t\t<div class=\"elementor-widget-container\">\n\t\t\t\t\t\t\t\t\t<p data-start=\"0\" data-end=\"296\">Ob\u010dianske zdru\u017eenie PRIMA (OZ PRIMA) je mimovl\u00e1dna neziskov\u00e1 organiz\u00e1cia, ktor\u00e1 zdru\u017euje profesion\u00e1lov\/ky a dobrovo\u013en\u00edkov\/\u010dky, s cie\u013eom prispie\u0165 k rie\u0161eniu probl\u00e9mov s\u00favisiacich s drogami. Ich aktivity zah\u0155\u0148aj\u00fa ter\u00e9nnu soci\u00e1lnu pr\u00e1cu a slu\u017eby kontaktn\u00e9ho centra ur\u010den\u00e9 pre \u0165a\u017eko dostupn\u00e9 skupiny \u2013 akt\u00edvnych u\u017e\u00edvate\u013eov drog \u010di liekov, osoby pracuj\u00face v sexbiznise, \u013eud\u00ed konzumuj\u00facich alkohol a osoby bez domova.<\/p>\t\t\t\t\t\t\t\t<\/div>\n\t\t\t\t<\/div>\n\t\t\t\t<\/div>\n\t\t\t\t\t<\/div>\n\t\t\t\t<\/div>\n\t\t<div class=\"elementor-element elementor-element-a0d6b6a e-con-full e-flex e-con e-parent\" data-id=\"a0d6b6a\" data-element_type=\"container\">\n\t\t\t\t<div class=\"elementor-element elementor-element-82c7609 elementor-invisible elementor-widget elementor-widget-heading\" data-id=\"82c7609\" data-element_type=\"widget\" data-settings=\"{&quot;_animation&quot;:&quot;fadeInLeft&quot;}\" data-widget_type=\"heading.default\">\n\t\t\t\t<div class=\"elementor-widget-container\">\n\t\t\t\t\t<h2 class=\"elementor-heading-title elementor-size-default\">Projekt<\/h2>\t\t\t\t<\/div>\n\t\t\t\t<\/div>\n\t\t\t\t<\/div>\n\t\t<div class=\"elementor-element elementor-element-24ef9b6 e-flex e-con-boxed e-con e-parent\" data-id=\"24ef9b6\" data-element_type=\"container\">\n\t\t\t\t\t<div class=\"e-con-inner\">\n\t\t\t\t<div class=\"elementor-element elementor-element-9cd122d elementor-widget__width-initial elementor-widget elementor-widget-text-editor\" data-id=\"9cd122d\" data-element_type=\"widget\" data-widget_type=\"text-editor.default\">\n\t\t\t\t<div class=\"elementor-widget-container\">\n\t\t\t\t\t\t\t\t\t<p>Preventing Gender Based Sexual Violence against Women Refugees (BSAFE)<\/p>\t\t\t\t\t\t\t\t<\/div>\n\t\t\t\t<\/div>\n\t\t\t\t\t<\/div>\n\t\t\t\t<\/div>\n\t\t<div class=\"elementor-element elementor-element-8a57865 e-flex e-con-boxed e-con e-parent\" data-id=\"8a57865\" data-element_type=\"container\" data-settings=\"{&quot;background_background&quot;:&quot;classic&quot;}\">\n\t\t\t\t\t<div class=\"e-con-inner\">\n\t\t<div class=\"elementor-element elementor-element-f448521 e-con-full e-flex e-con e-child\" data-id=\"f448521\" data-element_type=\"container\">\n\t\t<div class=\"elementor-element elementor-element-95db5d5 e-con-full e-flex e-con e-child\" data-id=\"95db5d5\" data-element_type=\"container\">\n\t\t\t\t<div class=\"elementor-element elementor-element-ed0ab0b animated-fast elementor-invisible elementor-widget elementor-widget-heading\" data-id=\"ed0ab0b\" data-element_type=\"widget\" data-settings=\"{&quot;_animation&quot;:&quot;fadeInRight&quot;,&quot;_animation_delay&quot;:1000}\" data-widget_type=\"heading.default\">\n\t\t\t\t<div class=\"elementor-widget-container\">\n\t\t\t\t\t<span class=\"elementor-heading-title elementor-size-default\">Opis projektu<\/span>\t\t\t\t<\/div>\n\t\t\t\t<\/div>\n\t\t\t\t<\/div>\n\t\t\t\t<div class=\"elementor-element elementor-element-cd7c32e elementor-widget elementor-widget-text-editor\" data-id=\"cd7c32e\" data-element_type=\"widget\" data-widget_type=\"text-editor.default\">\n\t\t\t\t<div class=\"elementor-widget-container\">\n\t\t\t\t\t\t\t\t\t<p>Projekt <strong>BSAFE <\/strong>mal za cie\u013e zmapova\u0165 a\u00a0oslovi\u0165 komunitu \u017eien z\u00a0Ukrajiny za\u017e\u00edvaj\u00face n\u00e1silie, ktor\u00e9 v\u00a0d\u00f4sledku vojensk\u00e9ho konfliktu na\u0161li \u00fato\u010disko na Slovensku. Projekt mal tieto \u017eeny identifikova\u0165 a\u00a0prostredn\u00edctvom priamej pr\u00e1ce dobrovo\u013en\u00edkov a\u00a0zamestnancov projektu vyv\u00edja\u0165 intervencie zameran\u00e9 na prevenciu n\u00e1silia. Vyvrcholen\u00edm projektu bolo <strong>16 dn\u00ed aktivizmu a\u00a0celoslovensk\u00e1 kampa\u0148 zameran\u00e1 na prevenciu rodovo podmienen\u00e9ho n\u00e1silia na \u017een\u00e1ch.<\/strong><\/p>\t\t\t\t\t\t\t\t<\/div>\n\t\t\t\t<\/div>\n\t\t<div class=\"elementor-element elementor-element-c3b30ae e-con-full e-flex e-con e-child\" data-id=\"c3b30ae\" data-element_type=\"container\">\n\t\t\t\t<div class=\"elementor-element elementor-element-e74a5d1 elementor-widget-mobile__width-inherit animated-fast elementor-invisible elementor-widget elementor-widget-heading\" data-id=\"e74a5d1\" data-element_type=\"widget\" data-settings=\"{&quot;_animation&quot;:&quot;fadeInLeft&quot;,&quot;_animation_delay&quot;:1100}\" data-widget_type=\"heading.default\">\n\t\t\t\t<div class=\"elementor-widget-container\">\n\t\t\t\t\t<span class=\"elementor-heading-title elementor-size-default\">V\u00fdsledky<\/span>\t\t\t\t<\/div>\n\t\t\t\t<\/div>\n\t\t\t\t<\/div>\n\t\t\t\t<\/div>\n\t\t\t\t\t<\/div>\n\t\t\t\t<\/div>\n\t\t<div class=\"elementor-element elementor-element-142c325 e-flex e-con-boxed e-con e-parent\" data-id=\"142c325\" data-element_type=\"container\">\n\t\t\t\t\t<div class=\"e-con-inner\">\n\t\t\t\t<div class=\"elementor-element elementor-element-e6e33ef elementor-widget elementor-widget-text-editor\" data-id=\"e6e33ef\" data-element_type=\"widget\" data-widget_type=\"text-editor.default\">\n\t\t\t\t<div class=\"elementor-widget-container\">\n\t\t\t\t\t\t\t\t\t<ul><li>Zapojilo sa takmer 20 dobrovo\u013en\u00edkov<\/li><li>Oslovili\u00a0 vy\u0161e 150 ukrajinsk\u00fdch \u017eien prezen\u010dne<\/li><li>Dosah vir\u00e1lnej kampane v prostriedkoch MHD po celom Slovensku<\/li><li>Z\u00fa\u010dastnili sa 5 vzdel\u00e1vac\u00edch aktiv\u00edt<\/li><li>Projekt\u00a0 prezentovali na 3 odborn\u00fdch f\u00f3rach<\/li><li>Podporili\u00a0 Dni Ukrajiny<\/li><li>Spolutvorili\u00a0 medzin\u00e1rodn\u00fd dokument o aktu\u00e1lnej situ\u00e1cii a v\u010dasnej prevencii rodovo podmienen\u00e9ho n\u00e1silia<\/li><li>Zorganizovali\u00a0 1 celon\u00e1rodn\u00fa prevent\u00edvnu kampa\u0148 v r\u00e1mci 16 dn\u00ed aktivizmu<\/li><li>Projekt\u00a0 medializovali v podcastoch a v telev\u00edzii TA3<\/li><\/ul>\t\t\t\t\t\t\t\t<\/div>\n\t\t\t\t<\/div>\n\t\t\t\t<div class=\"elementor-element elementor-element-181bbb1 animated-fast elementor-invisible elementor-widget elementor-widget-heading\" data-id=\"181bbb1\" data-element_type=\"widget\" data-settings=\"{&quot;_animation&quot;:&quot;fadeInRight&quot;,&quot;_animation_delay&quot;:1200}\" data-widget_type=\"heading.default\">\n\t\t\t\t<div class=\"elementor-widget-container\">\n\t\t\t\t\t<span class=\"elementor-heading-title elementor-size-default\">Spolupr\u00e1ca s medzin\u00e1rodn\u00fdmi partnermi<\/span>\t\t\t\t<\/div>\n\t\t\t\t<\/div>\n\t\t\t\t<div class=\"elementor-element elementor-element-caaa887 elementor-view-default elementor-widget elementor-widget-icon\" data-id=\"caaa887\" data-element_type=\"widget\" data-widget_type=\"icon.default\">\n\t\t\t\t<div class=\"elementor-widget-container\">\n\t\t\t\t\t\t\t<div class=\"elementor-icon-wrapper\">\n\t\t\t<div class=\"elementor-icon\">\n\t\t\t<svg aria-hidden=\"true\" class=\"e-font-icon-svg e-far-user\" viewBox=\"0 0 448 512\" xmlns=\"http:\/\/www.w3.org\/2000\/svg\"><path d=\"M313.6 304c-28.7 0-42.5 16-89.6 16-47.1 0-60.8-16-89.6-16C60.2 304 0 364.2 0 438.4V464c0 26.5 21.5 48 48 48h352c26.5 0 48-21.5 48-48v-25.6c0-74.2-60.2-134.4-134.4-134.4zM400 464H48v-25.6c0-47.6 38.8-86.4 86.4-86.4 14.6 0 38.3 16 89.6 16 51.7 0 74.9-16 89.6-16 47.6 0 86.4 38.8 86.4 86.4V464zM224 288c79.5 0 144-64.5 144-144S303.5 0 224 0 80 64.5 80 144s64.5 144 144 144zm0-240c52.9 0 96 43.1 96 96s-43.1 96-96 96-96-43.1-96-96 43.1-96 96-96z\"><\/path><\/svg>\t\t\t<\/div>\n\t\t<\/div>\n\t\t\t\t\t\t<\/div>\n\t\t\t\t<\/div>\n\t\t\t\t<div class=\"elementor-element elementor-element-7458581 elementor-widget elementor-widget-text-editor\" data-id=\"7458581\" data-element_type=\"widget\" data-widget_type=\"text-editor.default\">\n\t\t\t\t<div class=\"elementor-widget-container\">\n\t\t\t\t\t\t\t\t\t<p>3 \u010dlensk\u00e9 \u0161t\u00e1ty<\/p>\t\t\t\t\t\t\t\t<\/div>\n\t\t\t\t<\/div>\n\t\t\t\t<div class=\"elementor-element elementor-element-925609e elementor-view-default elementor-widget elementor-widget-icon\" data-id=\"925609e\" data-element_type=\"widget\" data-widget_type=\"icon.default\">\n\t\t\t\t<div class=\"elementor-widget-container\">\n\t\t\t\t\t\t\t<div class=\"elementor-icon-wrapper\">\n\t\t\t<div class=\"elementor-icon\">\n\t\t\t<svg aria-hidden=\"true\" class=\"e-font-icon-svg e-fas-map-marked\" viewBox=\"0 0 576 512\" xmlns=\"http:\/\/www.w3.org\/2000\/svg\"><path d=\"M288 0c-69.59 0-126 56.41-126 126 0 56.26 82.35 158.8 113.9 196.02 6.39 7.54 17.82 7.54 24.2 0C331.65 284.8 414 182.26 414 126 414 56.41 357.59 0 288 0zM20.12 215.95A32.006 32.006 0 0 0 0 245.66v250.32c0 11.32 11.43 19.06 21.94 14.86L160 448V214.92c-8.84-15.98-16.07-31.54-21.25-46.42L20.12 215.95zM288 359.67c-14.07 0-27.38-6.18-36.51-16.96-19.66-23.2-40.57-49.62-59.49-76.72v182l192 64V266c-18.92 27.09-39.82 53.52-59.49 76.72-9.13 10.77-22.44 16.95-36.51 16.95zm266.06-198.51L416 224v288l139.88-55.95A31.996 31.996 0 0 0 576 426.34V176.02c0-11.32-11.43-19.06-21.94-14.86z\"><\/path><\/svg>\t\t\t<\/div>\n\t\t<\/div>\n\t\t\t\t\t\t<\/div>\n\t\t\t\t<\/div>\n\t\t\t\t<div class=\"elementor-element elementor-element-d63e198 elementor-widget elementor-widget-text-editor\" data-id=\"d63e198\" data-element_type=\"widget\" data-widget_type=\"text-editor.default\">\n\t\t\t\t<div class=\"elementor-widget-container\">\n\t\t\t\t\t\t\t\t\t<p>6 partnerov<\/p>\t\t\t\t\t\t\t\t<\/div>\n\t\t\t\t<\/div>\n\t\t\t\t<div class=\"elementor-element elementor-element-cb2838c elementor-widget elementor-widget-text-editor\" data-id=\"cb2838c\" data-element_type=\"widget\" data-widget_type=\"text-editor.default\">\n\t\t\t\t<div class=\"elementor-widget-container\">\n\t\t\t\t\t\t\t\t\t<p>Projekt BSAFE bol realizovan\u00fd v r\u00e1mci medzin\u00e1rodn\u00e9ho konzorcia, ktor\u00e9 zah\u0155\u0148alo 6 partnerov z 3 \u010dlensk\u00fdch \u0161t\u00e1tov E\u00da: \u010cesk\u00e1 republika, Po\u013esko a Slovensk\u00e1 republika.<\/p><p>P\u00e4\u0165 pracovn\u00fdch bal\u00edkov (WP1 \u2013 WP5) bolo rozdelen\u00fdch pod\u013ea expert\u00edzy jednotliv\u00fdch partnerov a zah\u0155\u0148alo riadenie projektu, budovanie kapac\u00edt odborn\u00edkov, zapojenie peer dobrovo\u013en\u00edkov, verejn\u00fa kampa\u0148 a v\u00fdskum &amp; hodnotenie.<\/p><p data-start=\"0\" data-end=\"577\">Do projektu BSAFE boli za\u010dlenen\u00e9 aj pravideln\u00e9 osobn\u00e9 stretnutia, ktor\u00e9 z\u00e1sadne prispeli k udr\u017eiavaniu kvalitnej spolupr\u00e1ce medzi partnermi. Po\u010das realiz\u00e1cie projektu sa uskuto\u010dnili \u0161tyri: \u00favodn\u00e9 zahajovacie stretnutie v Brne v marci 2023, stretnutie v Krakove v j\u00fani 2023, n\u00e1sledne v Bratislave v okt\u00f3bri 2023 a z\u00e1vere\u010dn\u00e1 konferencia spojen\u00e1 so stretnut\u00edm partnerov op\u00e4\u0165 v Brne v apr\u00edli 2025. <span style=\"font-style: inherit; font-weight: inherit;\">Popri osobn\u00fdch stretnutiach prebiehala komunik\u00e1cia partnerov pravidelne aj elektronicky \u2013 prostredn\u00edctvom e-mailov a bilater\u00e1lnych hovorov, \u010do zabezpe\u010dovalo nepretr\u017eit\u00fa v\u00fdmenu inform\u00e1ci\u00ed a r\u00fdchlu operat\u00edvnu reakciu na aktu\u00e1lne potreby projektu.<\/span><\/p>\t\t\t\t\t\t\t\t<\/div>\n\t\t\t\t<\/div>\n\t\t\t\t\t<\/div>\n\t\t\t\t<\/div>\n\t\t<div class=\"elementor-element elementor-element-cc48598 e-flex e-con-boxed e-con e-parent\" data-id=\"cc48598\" data-element_type=\"container\" data-settings=\"{&quot;background_background&quot;:&quot;classic&quot;}\">\n\t\t\t\t\t<div class=\"e-con-inner\">\n\t\t\t\t<div class=\"elementor-element elementor-element-22f9c94 animated-fast elementor-invisible elementor-widget elementor-widget-heading\" data-id=\"22f9c94\" data-element_type=\"widget\" data-settings=\"{&quot;_animation&quot;:&quot;fadeInRight&quot;,&quot;_animation_delay&quot;:1200}\" data-widget_type=\"heading.default\">\n\t\t\t\t<div class=\"elementor-widget-container\">\n\t\t\t\t\t<span class=\"elementor-heading-title elementor-size-default\">Tipy pre in\u00e9 organiz\u00e1cie a projekty<\/span>\t\t\t\t<\/div>\n\t\t\t\t<\/div>\n\t\t\t\t<div class=\"elementor-element elementor-element-75e4938 elementor-widget elementor-widget-text-editor\" data-id=\"75e4938\" data-element_type=\"widget\" data-widget_type=\"text-editor.default\">\n\t\t\t\t<div class=\"elementor-widget-container\">\n\t\t\t\t\t\t\t\t\t<p>Pod\u00e1vanie \u017eiadosti o\u00a0projekt sa m\u00f4\u017ee javi\u0165 ako n\u00e1ro\u010dn\u00fd a\u00a0dlh\u00fd proces. Je pravda, \u017ee pr\u00edprava projektu a\u00a0jeho sprocesovanie je n\u00e1ro\u010dnej\u0161ie, no ur\u010dite sa oplat\u00ed investova\u0165 svoju energiu a\u00a0\u010das do dlhodob\u00fdch projektov ktor\u00e9 reflektuj\u00fa na aktu\u00e1lne potreby v\u00a0spolo\u010dnosti. P\u00edsanie projektov len preto aby sa nejak\u00e9 realizovali z\u00a0dlhodob\u00e9ho h\u013eadiska nikdy zmysel ned\u00e1valo a\u00a0tak ur\u010dite odpor\u00fa\u010dame, aby si ka\u017ed\u00fd \u017eiadate\u013e poctivo zmapoval aktu\u00e1lnu situ\u00e1ciu, zv\u00e1\u017eil svoje mo\u017enosti a\u00a0vyh\u013ead\u00e1val do spolupr\u00e1ce tak\u00fdch partnerov, o\u00a0ktor\u00fdch sa m\u00f4\u017ee ako odborne tak aj \u013eudsky oprie\u0165.<\/p>\t\t\t\t\t\t\t\t<\/div>\n\t\t\t\t<\/div>\n\t\t<div class=\"elementor-element elementor-element-aae6153 e-con-full e-flex e-con e-child\" data-id=\"aae6153\" data-element_type=\"container\">\n\t\t\t\t<div class=\"elementor-element elementor-element-5fe8d77 animated-fast elementor-invisible elementor-widget elementor-widget-heading\" data-id=\"5fe8d77\" data-element_type=\"widget\" data-settings=\"{&quot;_animation&quot;:&quot;fadeInRight&quot;,&quot;_animation_delay&quot;:1200}\" data-widget_type=\"heading.default\">\n\t\t\t\t<div class=\"elementor-widget-container\">\n\t\t\t\t\t<span class=\"elementor-heading-title elementor-size-default\">Kde n\u00e1s n\u00e1jdete<\/span>\t\t\t\t<\/div>\n\t\t\t\t<\/div>\n\t\t\t\t<\/div>\n\t\t\t\t\t<\/div>\n\t\t\t\t<\/div>\n\t\t<div class=\"elementor-element elementor-element-bc0937c e-grid e-con-boxed e-con e-parent\" data-id=\"bc0937c\" data-element_type=\"container\">\n\t\t\t\t\t<div class=\"e-con-inner\">\n\t\t\t\t<div class=\"elementor-element elementor-element-3ed192f elementor-view-default elementor-widget elementor-widget-icon\" data-id=\"3ed192f\" data-element_type=\"widget\" data-widget_type=\"icon.default\">\n\t\t\t\t<div class=\"elementor-widget-container\">\n\t\t\t\t\t\t\t<div class=\"elementor-icon-wrapper\">\n\t\t\t<div class=\"elementor-icon\">\n\t\t\t<svg aria-hidden=\"true\" class=\"e-font-icon-svg e-fas-tablet-alt\" viewBox=\"0 0 448 512\" xmlns=\"http:\/\/www.w3.org\/2000\/svg\"><path d=\"M400 0H48C21.5 0 0 21.5 0 48v416c0 26.5 21.5 48 48 48h352c26.5 0 48-21.5 48-48V48c0-26.5-21.5-48-48-48zM224 480c-17.7 0-32-14.3-32-32s14.3-32 32-32 32 14.3 32 32-14.3 32-32 32zm176-108c0 6.6-5.4 12-12 12H60c-6.6 0-12-5.4-12-12V60c0-6.6 5.4-12 12-12h328c6.6 0 12 5.4 12 12v312z\"><\/path><\/svg>\t\t\t<\/div>\n\t\t<\/div>\n\t\t\t\t\t\t<\/div>\n\t\t\t\t<\/div>\n\t\t\t\t<div class=\"elementor-element elementor-element-4d3ba59 elementor-view-default elementor-widget elementor-widget-icon\" data-id=\"4d3ba59\" data-element_type=\"widget\" data-widget_type=\"icon.default\">\n\t\t\t\t<div class=\"elementor-widget-container\">\n\t\t\t\t\t\t\t<div class=\"elementor-icon-wrapper\">\n\t\t\t<div class=\"elementor-icon\">\n\t\t\t<svg aria-hidden=\"true\" class=\"e-font-icon-svg e-fab-facebook\" viewBox=\"0 0 512 512\" xmlns=\"http:\/\/www.w3.org\/2000\/svg\"><path d=\"M504 256C504 119 393 8 256 8S8 119 8 256c0 123.78 90.69 226.38 209.25 245V327.69h-63V256h63v-54.64c0-62.15 37-96.48 93.67-96.48 27.14 0 55.52 4.84 55.52 4.84v61h-31.28c-30.8 0-40.41 19.12-40.41 38.73V256h68.78l-11 71.69h-57.78V501C413.31 482.38 504 379.78 504 256z\"><\/path><\/svg>\t\t\t<\/div>\n\t\t<\/div>\n\t\t\t\t\t\t<\/div>\n\t\t\t\t<\/div>\n\t\t\t\t<div class=\"elementor-element elementor-element-1264373 elementor-view-default elementor-widget elementor-widget-icon\" data-id=\"1264373\" data-element_type=\"widget\" data-widget_type=\"icon.default\">\n\t\t\t\t<div class=\"elementor-widget-container\">\n\t\t\t\t\t\t\t<div class=\"elementor-icon-wrapper\">\n\t\t\t<div class=\"elementor-icon\">\n\t\t\t<svg aria-hidden=\"true\" class=\"e-font-icon-svg e-fab-instagram\" viewBox=\"0 0 448 512\" xmlns=\"http:\/\/www.w3.org\/2000\/svg\"><path d=\"M224.1 141c-63.6 0-114.9 51.3-114.9 114.9s51.3 114.9 114.9 114.9S339 319.5 339 255.9 287.7 141 224.1 141zm0 189.6c-41.1 0-74.7-33.5-74.7-74.7s33.5-74.7 74.7-74.7 74.7 33.5 74.7 74.7-33.6 74.7-74.7 74.7zm146.4-194.3c0 14.9-12 26.8-26.8 26.8-14.9 0-26.8-12-26.8-26.8s12-26.8 26.8-26.8 26.8 12 26.8 26.8zm76.1 27.2c-1.7-35.9-9.9-67.7-36.2-93.9-26.2-26.2-58-34.4-93.9-36.2-37-2.1-147.9-2.1-184.9 0-35.8 1.7-67.6 9.9-93.9 36.1s-34.4 58-36.2 93.9c-2.1 37-2.1 147.9 0 184.9 1.7 35.9 9.9 67.7 36.2 93.9s58 34.4 93.9 36.2c37 2.1 147.9 2.1 184.9 0 35.9-1.7 67.7-9.9 93.9-36.2 26.2-26.2 34.4-58 36.2-93.9 2.1-37 2.1-147.8 0-184.8zM398.8 388c-7.8 19.6-22.9 34.7-42.6 42.6-29.5 11.7-99.5 9-132.1 9s-102.7 2.6-132.1-9c-19.6-7.8-34.7-22.9-42.6-42.6-11.7-29.5-9-99.5-9-132.1s-2.6-102.7 9-132.1c7.8-19.6 22.9-34.7 42.6-42.6 29.5-11.7 99.5-9 132.1-9s102.7-2.6 132.1 9c19.6 7.8 34.7 22.9 42.6 42.6 11.7 29.5 9 99.5 9 132.1s2.7 102.7-9 132.1z\"><\/path><\/svg>\t\t\t<\/div>\n\t\t<\/div>\n\t\t\t\t\t\t<\/div>\n\t\t\t\t<\/div>\n\t\t\t\t<div class=\"elementor-element elementor-element-2697229 elementor-widget elementor-widget-text-editor\" data-id=\"2697229\" data-element_type=\"widget\" data-widget_type=\"text-editor.default\">\n\t\t\t\t<div class=\"elementor-widget-container\">\n\t\t\t\t\t\t\t\t\t<p><a href=\"https:\/\/primaoz.sk\/\">Ob\u010dianske zdru\u017eenie PRIMA\u00a0<\/a><\/p>\t\t\t\t\t\t\t\t<\/div>\n\t\t\t\t<\/div>\n\t\t\t\t<div class=\"elementor-element elementor-element-36d3935 elementor-widget elementor-widget-text-editor\" data-id=\"36d3935\" data-element_type=\"widget\" data-widget_type=\"text-editor.default\">\n\t\t\t\t<div class=\"elementor-widget-container\">\n\t\t\t\t\t\t\t\t\t<p><a href=\"https:\/\/www.facebook.com\/primaoz\">Facebook<\/a><\/p>\t\t\t\t\t\t\t\t<\/div>\n\t\t\t\t<\/div>\n\t\t\t\t<div class=\"elementor-element elementor-element-a71c83f elementor-widget elementor-widget-text-editor\" data-id=\"a71c83f\" data-element_type=\"widget\" data-widget_type=\"text-editor.default\">\n\t\t\t\t<div class=\"elementor-widget-container\">\n\t\t\t\t\t\t\t\t\t<p><a href=\"https:\/\/www.instagram.com\/prima_oz\/\">Instagram<\/a><\/p>\t\t\t\t\t\t\t\t<\/div>\n\t\t\t\t<\/div>\n\t\t\t\t\t<\/div>\n\t\t\t\t<\/div>\n\t\t<div class=\"elementor-element elementor-element-fdc8663 e-flex e-con-boxed e-con e-parent\" data-id=\"fdc8663\" data-element_type=\"container\">\n\t\t\t\t\t<div class=\"e-con-inner\">\n\t\t\t\t<div class=\"elementor-element elementor-element-ded2fa6 elementor-widget elementor-widget-video\" data-id=\"ded2fa6\" data-element_type=\"widget\" data-settings=\"{&quot;youtube_url&quot;:&quot;https:\\\/\\\/www.youtube.com\\\/watch?v=RRe8caxnGXM&amp;list=LL&quot;,&quot;video_type&quot;:&quot;youtube&quot;,&quot;controls&quot;:&quot;yes&quot;}\" data-widget_type=\"video.default\">\n\t\t\t\t<div class=\"elementor-widget-container\">\n\t\t\t\t\t\t\t<div class=\"elementor-wrapper elementor-open-inline\">\n\t\t\t<div class=\"elementor-video\"><\/div>\t\t<\/div>\n\t\t\t\t\t\t<\/div>\n\t\t\t\t<\/div>\n\t\t\t\t\t<\/div>\n\t\t\t\t<\/div>\n\t\t\t\t<\/div>\n\t\t","protected":false},"excerpt":{"rendered":"<p>Ob\u010dianske zdru\u017eenie Prima Ob\u010dianske zdru\u017eenie PRIMA (OZ PRIMA) je mimovl\u00e1dna neziskov\u00e1 organiz\u00e1cia, ktor\u00e1 zdru\u017euje profesion\u00e1lov\/ky a dobrovo\u013en\u00edkov\/\u010dky, s cie\u013eom prispie\u0165 [&hellip;]<\/p>\n","protected":false},"author":6,"featured_media":0,"parent":14,"menu_order":0,"comment_status":"closed","ping_status":"closed","template":"","meta":{"om_disable_all_campaigns":false,"_monsterinsights_skip_tracking":false,"_monsterinsights_sitenote_active":false,"_monsterinsights_sitenote_note":"","_monsterinsights_sitenote_category":0,"_uf_show_specific_survey":0,"_uf_disable_surveys":false,"site-sidebar-layout":"no-sidebar","site-content-layout":"","ast-site-content-layout":"full-width-container","site-content-style":"default","site-sidebar-style":"default","ast-global-header-display":"","ast-banner-title-visibility":"","ast-main-header-display":"","ast-hfb-above-header-display":"","ast-hfb-below-header-display":"","ast-hfb-mobile-header-display":"","site-post-title":"disabled","ast-breadcrumbs-content":"","ast-featured-img":"disabled","footer-sml-layout":"","theme-transparent-header-meta":"","adv-header-id-meta":"","stick-header-meta":"","header-above-stick-meta":"","header-main-stick-meta":"","header-below-stick-meta":"","astra-migrate-meta-layouts":"default","ast-page-background-enabled":"default","ast-page-background-meta":{"desktop":{"background-color":"var(--ast-global-color-4)","background-image":"","background-repeat":"repeat","background-position":"center center","background-size":"auto","background-attachment":"scroll","background-type":"","background-media":"","overlay-type":"","overlay-color":"","overlay-opacity":"","overlay-gradient":""},"tablet":{"background-color":"","background-image":"","background-repeat":"repeat","background-position":"center center","background-size":"auto","background-attachment":"scroll","background-type":"","background-media":"","overlay-type":"","overlay-color":"","overlay-opacity":"","overlay-gradient":""},"mobile":{"background-color":"","background-image":"","background-repeat":"repeat","background-position":"center center","background-size":"auto","background-attachment":"scroll","background-type":"","background-media":"","overlay-type":"","overlay-color":"","overlay-opacity":"","overlay-gradient":""}},"ast-content-background-meta":{"desktop":{"background-color":"var(--ast-global-color-5)","background-image":"","background-repeat":"repeat","background-position":"center center","background-size":"auto","background-attachment":"scroll","background-type":"","background-media":"","overlay-type":"","overlay-color":"","overlay-opacity":"","overlay-gradient":""},"tablet":{"background-color":"var(--ast-global-color-5)","background-image":"","background-repeat":"repeat","background-position":"center center","background-size":"auto","background-attachment":"scroll","background-type":"","background-media":"","overlay-type":"","overlay-color":"","overlay-opacity":"","overlay-gradient":""},"mobile":{"background-color":"var(--ast-global-color-5)","background-image":"","background-repeat":"repeat","background-position":"center center","background-size":"auto","background-attachment":"scroll","background-type":"","background-media":"","overlay-type":"","overlay-color":"","overlay-opacity":"","overlay-gradient":""}},"footnotes":""},"class_list":["post-3365","page","type-page","status-publish","hentry"],"aioseo_notices":[],"_links":{"self":[{"href":"https:\/\/cerv.gov.sk\/index.php\/wp-json\/wp\/v2\/pages\/3365","targetHints":{"allow":["GET"]}}],"collection":[{"href":"https:\/\/cerv.gov.sk\/index.php\/wp-json\/wp\/v2\/pages"}],"about":[{"href":"https:\/\/cerv.gov.sk\/index.php\/wp-json\/wp\/v2\/types\/page"}],"author":[{"embeddable":true,"href":"https:\/\/cerv.gov.sk\/index.php\/wp-json\/wp\/v2\/users\/6"}],"replies":[{"embeddable":true,"href":"https:\/\/cerv.gov.sk\/index.php\/wp-json\/wp\/v2\/comments?post=3365"}],"version-history":[{"count":37,"href":"https:\/\/cerv.gov.sk\/index.php\/wp-json\/wp\/v2\/pages\/3365\/revisions"}],"predecessor-version":[{"id":3451,"href":"https:\/\/cerv.gov.sk\/index.php\/wp-json\/wp\/v2\/pages\/3365\/revisions\/3451"}],"up":[{"embeddable":true,"href":"https:\/\/cerv.gov.sk\/index.php\/wp-json\/wp\/v2\/pages\/14"}],"wp:attachment":[{"href":"https:\/\/cerv.gov.sk\/index.php\/wp-json\/wp\/v2\/media?parent=3365"}],"curies":[{"name":"wp","href":"https:\/\/api.w.org\/{rel}","templated":true}]}}