{"id":2311,"date":"2025-03-27T13:38:12","date_gmt":"2025-03-27T12:38:12","guid":{"rendered":"https:\/\/cerv.gov.sk\/?page_id=2311"},"modified":"2025-08-14T13:02:36","modified_gmt":"2025-08-14T11:02:36","slug":"obec-tomasov","status":"publish","type":"page","link":"https:\/\/cerv.gov.sk\/index.php\/projekty\/obec-tomasov\/","title":{"rendered":"Obec Tom\u00e1\u0161ov"},"content":{"rendered":"\t\t<div data-elementor-type=\"wp-page\" data-elementor-id=\"2311\" class=\"elementor elementor-2311\">\n\t\t\t\t<div class=\"elementor-element elementor-element-b4a5403 e-flex e-con-boxed e-con e-parent\" data-id=\"b4a5403\" data-element_type=\"container\" data-settings=\"{&quot;background_background&quot;:&quot;classic&quot;}\">\n\t\t\t\t\t<div class=\"e-con-inner\">\n\t\t<div class=\"elementor-element elementor-element-3dbee1d e-con-full e-flex e-con e-child\" data-id=\"3dbee1d\" data-element_type=\"container\">\n\t\t\t\t<div class=\"elementor-element elementor-element-ef7348c elementor-widget elementor-widget-heading\" data-id=\"ef7348c\" data-element_type=\"widget\" data-widget_type=\"heading.default\">\n\t\t\t\t<div class=\"elementor-widget-container\">\n\t\t\t\t\t<h1 class=\"elementor-heading-title elementor-size-default\">Obec Tom\u00e1\u0161ov<\/h1>\t\t\t\t<\/div>\n\t\t\t\t<\/div>\n\t\t\t\t<\/div>\n\t\t\t\t\t<\/div>\n\t\t\t\t<\/div>\n\t\t<div class=\"elementor-element elementor-element-00cfa21 e-flex e-con-boxed e-con e-parent\" data-id=\"00cfa21\" data-element_type=\"container\" data-settings=\"{&quot;background_background&quot;:&quot;classic&quot;}\">\n\t\t\t\t\t<div class=\"e-con-inner\">\n\t\t\t\t<div class=\"elementor-element elementor-element-3c4acda elementor-widget elementor-widget-image\" data-id=\"3c4acda\" data-element_type=\"widget\" data-widget_type=\"image.default\">\n\t\t\t\t<div class=\"elementor-widget-container\">\n\t\t\t\t\t\t\t\t\t\t\t\t\t\t\t<img fetchpriority=\"high\" decoding=\"async\" width=\"768\" height=\"1086\" src=\"https:\/\/cerv.gov.sk\/wp-content\/uploads\/2025\/03\/plagat-1-anglicky-A3-768x1086.jpg\" class=\"attachment-medium_large size-medium_large wp-image-2314\" alt=\"\" srcset=\"https:\/\/cerv.gov.sk\/wp-content\/uploads\/2025\/03\/plagat-1-anglicky-A3-768x1086.jpg 768w, https:\/\/cerv.gov.sk\/wp-content\/uploads\/2025\/03\/plagat-1-anglicky-A3-212x300.jpg 212w, https:\/\/cerv.gov.sk\/wp-content\/uploads\/2025\/03\/plagat-1-anglicky-A3-724x1024.jpg 724w, https:\/\/cerv.gov.sk\/wp-content\/uploads\/2025\/03\/plagat-1-anglicky-A3.jpg 842w\" sizes=\"(max-width: 768px) 100vw, 768px\" \/>\t\t\t\t\t\t\t\t\t\t\t\t\t\t\t<\/div>\n\t\t\t\t<\/div>\n\t\t\t\t\t<\/div>\n\t\t\t\t<\/div>\n\t\t<div class=\"elementor-element elementor-element-21a8d4a e-flex e-con-boxed e-con e-parent\" data-id=\"21a8d4a\" data-element_type=\"container\">\n\t\t\t\t\t<div class=\"e-con-inner\">\n\t\t\t\t<div class=\"elementor-element elementor-element-11aa1f2 animated-fast elementor-invisible elementor-widget elementor-widget-heading\" data-id=\"11aa1f2\" data-element_type=\"widget\" data-settings=\"{&quot;_animation&quot;:&quot;fadeInLeft&quot;,&quot;_animation_delay&quot;:700}\" data-widget_type=\"heading.default\">\n\t\t\t\t<div class=\"elementor-widget-container\">\n\t\t\t\t\t<span class=\"elementor-heading-title elementor-size-default\">Projekt<\/span>\t\t\t\t<\/div>\n\t\t\t\t<\/div>\n\t\t\t\t\t<\/div>\n\t\t\t\t<\/div>\n\t\t<div class=\"elementor-element elementor-element-a0d6b6a e-grid e-con-boxed e-con e-parent\" data-id=\"a0d6b6a\" data-element_type=\"container\">\n\t\t\t\t\t<div class=\"e-con-inner\">\n\t\t\t\t<div class=\"elementor-element elementor-element-54030a3 elementor-widget elementor-widget-heading\" data-id=\"54030a3\" data-element_type=\"widget\" data-widget_type=\"heading.default\">\n\t\t\t\t<div class=\"elementor-widget-container\">\n\t\t\t\t\t<h2 class=\"elementor-heading-title elementor-size-default\">Gender equality in a Global perspective<\/h2>\t\t\t\t<\/div>\n\t\t\t\t<\/div>\n\t\t\t\t\t<\/div>\n\t\t\t\t<\/div>\n\t\t<div class=\"elementor-element elementor-element-8a57865 e-flex e-con-boxed e-con e-parent\" data-id=\"8a57865\" data-element_type=\"container\" data-settings=\"{&quot;background_background&quot;:&quot;classic&quot;}\">\n\t\t\t\t\t<div class=\"e-con-inner\">\n\t\t<div class=\"elementor-element elementor-element-f448521 e-con-full e-flex e-con e-child\" data-id=\"f448521\" data-element_type=\"container\">\n\t\t<div class=\"elementor-element elementor-element-95db5d5 e-con-full e-flex e-con e-child\" data-id=\"95db5d5\" data-element_type=\"container\">\n\t\t\t\t<div class=\"elementor-element elementor-element-aff8e44 animated-fast elementor-invisible elementor-widget elementor-widget-heading\" data-id=\"aff8e44\" data-element_type=\"widget\" data-settings=\"{&quot;_animation&quot;:&quot;fadeInRight&quot;,&quot;_animation_delay&quot;:1000}\" data-widget_type=\"heading.default\">\n\t\t\t\t<div class=\"elementor-widget-container\">\n\t\t\t\t\t<span class=\"elementor-heading-title elementor-size-default\">Opis projektu<\/span>\t\t\t\t<\/div>\n\t\t\t\t<\/div>\n\t\t\t\t<\/div>\n\t\t\t\t<div class=\"elementor-element elementor-element-cd7c32e elementor-widget elementor-widget-text-editor\" data-id=\"cd7c32e\" data-element_type=\"widget\" data-widget_type=\"text-editor.default\">\n\t\t\t\t<div class=\"elementor-widget-container\">\n\t\t\t\t\t\t\t\t\t<p>V z\u00e1ujme opakovanej realiz\u00e1cie podujatia predkladan\u00e9ho projektu bolo podporova\u0165 v\u00fdmenu inform\u00e1ci\u00ed, sk\u00fasenost\u00ed a poznatkov medzi \u013eu\u010fmi bez oh\u013eadu na vek alebo rodov\u00e9 h\u013eadisko ob\u010danov E\u00da.<\/p><p>V z\u00e1ujme predkladan\u00e9ho projektu bolo nadviaza\u0165 na ciele a priority CERV 2022, konkr\u00e9tne projektu CERV \u2013 2022 \u2013 Citizens \u2013 Town \u2013 TT s n\u00e1zvom \u201cThe Strenght of Brotherhood and Tolerance!\u201d (Proposal number 101091248).<\/p><p>V novom projekte sme nadviazali na eur\u00f3pske iniciat\u00edvy, t\u00e9my a priority programu, s d\u00f4razom na klimatick\u00e9 zmeny v prostred\u00ed \u0161t\u00e1tov E\u00da, obdobie po pand\u00e9mii COVID 19, podporou dobro\u010dinnosti a solidarity aktivitou \u201eDarovania krvi\u201c miestnej organiz\u00e1cie \u010cerven\u00fd kr\u00ed\u017e a dohliadan\u00edm na v\u0161etky formy nediskrimin\u00e1cie.<\/p><p>Ciele projektu sme zadefinovali na z\u00e1klade spr\u00e1vne stanoven\u00fdch potrieb ob\u010danov v spolo\u010dnosti a z\u00e1rove\u0148 s oh\u013eadom na prejavenie z\u00e1ujmu zo strany \u00fa\u010dastn\u00edkov v minuloro\u010dnom projekte podobn\u00e9ho charakteru financovan\u00e9ho zo zdrojov E\u00da.<\/p>\t\t\t\t\t\t\t\t<\/div>\n\t\t\t\t<\/div>\n\t\t<div class=\"elementor-element elementor-element-c3b30ae e-con-full e-flex e-con e-child\" data-id=\"c3b30ae\" data-element_type=\"container\">\n\t\t\t\t<div class=\"elementor-element elementor-element-e74a5d1 elementor-widget-mobile__width-inherit animated-fast elementor-invisible elementor-widget elementor-widget-heading\" data-id=\"e74a5d1\" data-element_type=\"widget\" data-settings=\"{&quot;_animation&quot;:&quot;fadeInLeft&quot;,&quot;_animation_delay&quot;:1100}\" data-widget_type=\"heading.default\">\n\t\t\t\t<div class=\"elementor-widget-container\">\n\t\t\t\t\t<span class=\"elementor-heading-title elementor-size-default\">V\u00fdsledky<\/span>\t\t\t\t<\/div>\n\t\t\t\t<\/div>\n\t\t\t\t<\/div>\n\t\t\t\t<\/div>\n\t\t\t\t\t<\/div>\n\t\t\t\t<\/div>\n\t\t<div class=\"elementor-element elementor-element-142c325 e-flex e-con-boxed e-con e-parent\" data-id=\"142c325\" data-element_type=\"container\">\n\t\t\t\t\t<div class=\"e-con-inner\">\n\t\t\t\t<div class=\"elementor-element elementor-element-5579f8d elementor-widget elementor-widget-text-editor\" data-id=\"5579f8d\" data-element_type=\"widget\" data-widget_type=\"text-editor.default\">\n\t\t\t\t<div class=\"elementor-widget-container\">\n\t\t\t\t\t\t\t\t\t<p><strong>V\u00fdsledky projektu sme identifikovali ako okam\u017eit\u00e9 zmeny v spr\u00e1van\u00ed jednotlivcov, ktor\u00e9 sme dosiahli realizovan\u00fdmi aktivitami programu podujatia. Pridan\u00e1 hodnota charakterizovan\u00e1 na z\u00e1klade roz\u0161\u00edrenia temat\u00edk programu ovplyvnila ch\u00e1panie podstaty ochrany \u017eivotn\u00e9ho prostredia v spojen\u00ed s hnut\u00edm New European Bauhaus. <\/strong><\/p><p><strong>Rodov\u00fa rovnos\u0165 a n\u00e1vyky s\u00favisiace s komunika\u010dn\u00fdmi aktivitami (rozhlas, plag\u00e1t, rozdelenie \u00faloh \u2013 \u017eena a mu\u017e v rovnakom pomere) sme zachovali aj po ukon\u010den\u00ed projektu, preto\u017ee sme pouk\u00e1zali na v\u00fdznam a silu spolo\u010denstva, pokia\u013e ani jedno pohlavie nepoci\u0165ovalo diskrimina\u010dn\u00e9 znaky rodovo orientovanej charakteristiky jednotlivca. <\/strong><\/p><p><strong>Udr\u017eate\u013enos\u0165 v\u00fdsledkov projektu sme zabezpe\u010dili postupn\u00fdm n\u00e1rastom proeur\u00f3psky orientovan\u00fdch ob\u010danov E\u00da. <\/strong><\/p><p><strong>Dobrovo\u013enos\u0165 a solidarita k civilistom na Ukrajine bola uk\u00e1\u017ekou akceptovania Charty z\u00e1kladn\u00fdch \u013eudsk\u00fdch pr\u00e1v a Dohovoru OSN. <\/strong><\/p><p><strong>V\u00fdsledky projektu vn\u00edmame prim\u00e1rne ako formovanie spolo\u010dnosti v oblasti ot\u00e1zok a problemat\u00edk rozoberan\u00fdch na podujat\u00ed s cie\u013eom zamedzenia rozporuplnej spolo\u010dnosti so znakmi n\u00e1silia a diskrimin\u00e1cie.<\/strong><\/p>\t\t\t\t\t\t\t\t<\/div>\n\t\t\t\t<\/div>\n\t\t\t\t<div class=\"elementor-element elementor-element-181bbb1 animated-fast elementor-invisible elementor-widget elementor-widget-heading\" data-id=\"181bbb1\" data-element_type=\"widget\" data-settings=\"{&quot;_animation&quot;:&quot;fadeInRight&quot;,&quot;_animation_delay&quot;:1200}\" data-widget_type=\"heading.default\">\n\t\t\t\t<div class=\"elementor-widget-container\">\n\t\t\t\t\t<span class=\"elementor-heading-title elementor-size-default\">Spolupr\u00e1ca s medzin\u00e1rodn\u00fdmi partnermi<\/span>\t\t\t\t<\/div>\n\t\t\t\t<\/div>\n\t\t\t\t<div class=\"elementor-element elementor-element-e800da0 elementor-widget elementor-widget-text-editor\" data-id=\"e800da0\" data-element_type=\"widget\" data-widget_type=\"text-editor.default\">\n\t\t\t\t<div class=\"elementor-widget-container\">\n\t\t\t\t\t\t\t\t\t<p><strong>Cie\u013eovou skupinou projektu boli v\u0161etci obyvatelia obce Tom\u00e1\u0161ov a okolia a obyvatelia obce Hal\u00e1szi, M\u00f3ragy, Berg a Nov\u00e1 Lhota. Do programu sa zapojili \u0161portovci, z\u00e1ujmov\u00e9 zdru\u017eenia, tane\u010dn\u00e9 zdru\u017eenia, spev\u00e1ci, spolo\u010densk\u00e9 organiz\u00e1cie, dobrovo\u013en\u00edci a v\u0161etci akt\u00edvny ob\u010dania so z\u00e1ujmom z\u00fa\u010dastni\u0165 sa aktiv\u00edt programu ak\u00e9hoko\u013evek druhu, \u010di u\u017e ako pomoc pre \u00fa\u010dinkuj\u00facich, pomoc pri vyst\u00fapeniach, s\u00fa\u0165a\u017eiach a pod. <\/strong><\/p><p><strong>O\u010dak\u00e1van\u00fdm dopadom realiz\u00e1cie medzin\u00e1rodn\u00e9ho v\u00fdznamu bolo zbli\u017eovanie ob\u010danov t\u00fdchto kraj\u00edn, prezent\u00e1cia n\u00e1rodn\u00fdch znakov typick\u00fdch pre tieto krajiny, zvidite\u013e\u0148ovanie slovensk\u00e9ho, rak\u00faskeho, \u010desk\u00e9ho a ma\u010farsk\u00e9ho n\u00e1roda a zni\u017eovanie rozdielov medzi slovensk\u00fdm, rak\u00faskym, \u010desk\u00fdm a ma\u010farsk\u00fdm n\u00e1rodom vypl\u00fdvaj\u00facich z jazykovej bari\u00e9ry a rozdielnosti n\u00e1rodov. <\/strong><\/p><p><strong>Spolupr\u00e1ca vytvoren\u00e1 na takomto z\u00e1klade m\u00e1 predpoklad udr\u017eate\u013enosti najm\u00e4 prostredn\u00edctvom organizovania podujat\u00ed podobn\u00e9ho charakteru v \u010fal\u0161\u00edch rokoch. V obci Tom\u00e1\u0161ov sa tieto podujatia pravidelne organizuj\u00fa ka\u017ed\u00fd rok a taktie\u017e obec Tom\u00e1\u0161ov je ka\u017ed\u00fdm rokom \u00fa\u010dastn\u00edkom podobn\u00fdch podujat\u00ed v Ma\u010farsku, \u010ceskej republike a Rak\u00fasku. Pravdepodobnos\u0165 udr\u017eate\u013enosti \u017eivej akt\u00edvnej medzin\u00e1rodnej spolupr\u00e1ce oboch n\u00e1rodnost\u00ed v bud\u00facnosti je teda zna\u010dne vysok\u00e1.<\/strong><\/p>\t\t\t\t\t\t\t\t<\/div>\n\t\t\t\t<\/div>\n\t\t\t\t\t<\/div>\n\t\t\t\t<\/div>\n\t\t<div class=\"elementor-element elementor-element-cc48598 e-flex e-con-boxed e-con e-parent\" data-id=\"cc48598\" data-element_type=\"container\" data-settings=\"{&quot;background_background&quot;:&quot;classic&quot;}\">\n\t\t\t\t\t<div class=\"e-con-inner\">\n\t\t\t\t<div class=\"elementor-element elementor-element-22f9c94 animated-fast elementor-invisible elementor-widget elementor-widget-heading\" data-id=\"22f9c94\" data-element_type=\"widget\" data-settings=\"{&quot;_animation&quot;:&quot;fadeInRight&quot;,&quot;_animation_delay&quot;:1200}\" data-widget_type=\"heading.default\">\n\t\t\t\t<div class=\"elementor-widget-container\">\n\t\t\t\t\t<span class=\"elementor-heading-title elementor-size-default\">Tipy pre in\u00e9 organiz\u00e1cie a projekty<\/span>\t\t\t\t<\/div>\n\t\t\t\t<\/div>\n\t\t\t\t<div class=\"elementor-element elementor-element-75e4938 elementor-widget elementor-widget-text-editor\" data-id=\"75e4938\" data-element_type=\"widget\" data-widget_type=\"text-editor.default\">\n\t\t\t\t<div class=\"elementor-widget-container\">\n\t\t\t\t\t\t\t\t\t<p>Zapojenie sa do projektu proeur\u00f3pskeho charakteru n\u00e1m umo\u017enilo sp\u00e1ja\u0165 n\u00e1rody E\u00da, pouk\u00e1za\u0165 na mo\u017en\u00e9 kult\u00farne odli\u0161nosti n\u00e1rodov a\u00a0prekon\u00e1va\u0165 jazykov\u00e9 bari\u00e9ry medzi \u00fa\u010dastn\u00edkmi podujatia. V\u00a0nadv\u00e4znosti na t\u00e9my programu podujatia sme sa zamerali na okruhy ako solidarita, dobrovo\u013en\u00edctvo, rodov\u00e1 rovnos\u0165, ochrana \u017eivotn\u00e9ho prostredia, nediskrimin\u00e1cia. Okrem tematicky zameran\u00fdch webin\u00e1rov, diskusi\u00ed, prezent\u00e1ci\u00ed a\u00a0predn\u00e1\u0161ok sme zrealizovali spolo\u010densk\u00e9 aktivity, ktor\u00fdch cie\u013eom bolo vytvori\u0165 nov\u00e9 priate\u013estv\u00e1 medzi \u00fa\u010dastn\u00edkmi aj do bud\u00facnosti.<\/p>\t\t\t\t\t\t\t\t<\/div>\n\t\t\t\t<\/div>\n\t\t<div class=\"elementor-element elementor-element-aae6153 e-con-full e-flex e-con e-child\" data-id=\"aae6153\" data-element_type=\"container\">\n\t\t\t\t<div class=\"elementor-element elementor-element-5fe8d77 animated-fast elementor-invisible elementor-widget elementor-widget-heading\" data-id=\"5fe8d77\" data-element_type=\"widget\" data-settings=\"{&quot;_animation&quot;:&quot;fadeInRight&quot;,&quot;_animation_delay&quot;:1200}\" data-widget_type=\"heading.default\">\n\t\t\t\t<div class=\"elementor-widget-container\">\n\t\t\t\t\t<span class=\"elementor-heading-title elementor-size-default\">Kde n\u00e1s n\u00e1jdete<\/span>\t\t\t\t<\/div>\n\t\t\t\t<\/div>\n\t\t\t\t<\/div>\n\t\t\t\t\t<\/div>\n\t\t\t\t<\/div>\n\t\t<div class=\"elementor-element elementor-element-8a8bd71 e-grid e-con-boxed e-con e-parent\" data-id=\"8a8bd71\" data-element_type=\"container\">\n\t\t\t\t\t<div class=\"e-con-inner\">\n\t\t\t\t<div class=\"elementor-element elementor-element-fe1a150 elementor-view-default elementor-widget elementor-widget-icon\" data-id=\"fe1a150\" data-element_type=\"widget\" data-widget_type=\"icon.default\">\n\t\t\t\t<div class=\"elementor-widget-container\">\n\t\t\t\t\t\t\t<div class=\"elementor-icon-wrapper\">\n\t\t\t<div class=\"elementor-icon\">\n\t\t\t<svg aria-hidden=\"true\" class=\"e-font-icon-svg e-fas-tablet-alt\" viewBox=\"0 0 448 512\" xmlns=\"http:\/\/www.w3.org\/2000\/svg\"><path d=\"M400 0H48C21.5 0 0 21.5 0 48v416c0 26.5 21.5 48 48 48h352c26.5 0 48-21.5 48-48V48c0-26.5-21.5-48-48-48zM224 480c-17.7 0-32-14.3-32-32s14.3-32 32-32 32 14.3 32 32-14.3 32-32 32zm176-108c0 6.6-5.4 12-12 12H60c-6.6 0-12-5.4-12-12V60c0-6.6 5.4-12 12-12h328c6.6 0 12 5.4 12 12v312z\"><\/path><\/svg>\t\t\t<\/div>\n\t\t<\/div>\n\t\t\t\t\t\t<\/div>\n\t\t\t\t<\/div>\n\t\t\t\t<div class=\"elementor-element elementor-element-f0122e9 elementor-widget elementor-widget-text-editor\" data-id=\"f0122e9\" data-element_type=\"widget\" data-widget_type=\"text-editor.default\">\n\t\t\t\t<div class=\"elementor-widget-container\">\n\t\t\t\t\t\t\t\t\t<p><a href=\"https:\/\/www.tomasov.sk\/\">www.tomasov.sk<\/a><\/p>\t\t\t\t\t\t\t\t<\/div>\n\t\t\t\t<\/div>\n\t\t\t\t\t<\/div>\n\t\t\t\t<\/div>\n\t\t<div class=\"elementor-element elementor-element-3bc4e1a e-flex e-con-boxed e-con e-parent\" data-id=\"3bc4e1a\" data-element_type=\"container\">\n\t\t\t\t\t<div class=\"e-con-inner\">\n\t\t\t\t<div class=\"elementor-element elementor-element-7f00394 animated-fast elementor-invisible elementor-widget elementor-widget-heading\" data-id=\"7f00394\" data-element_type=\"widget\" data-settings=\"{&quot;_animation&quot;:&quot;fadeInRight&quot;,&quot;_animation_delay&quot;:1200}\" data-widget_type=\"heading.default\">\n\t\t\t\t<div class=\"elementor-widget-container\">\n\t\t\t\t\t<span class=\"elementor-heading-title elementor-size-default\">Nap\u00edsali o n\u00e1s<\/span>\t\t\t\t<\/div>\n\t\t\t\t<\/div>\n\t\t\t\t\t<\/div>\n\t\t\t\t<\/div>\n\t\t<div class=\"elementor-element elementor-element-8998318 e-grid e-con-boxed e-con e-parent\" data-id=\"8998318\" data-element_type=\"container\">\n\t\t\t\t\t<div class=\"e-con-inner\">\n\t\t\t\t<div class=\"elementor-element elementor-element-519b2be elementor-view-default elementor-widget elementor-widget-icon\" data-id=\"519b2be\" data-element_type=\"widget\" data-widget_type=\"icon.default\">\n\t\t\t\t<div class=\"elementor-widget-container\">\n\t\t\t\t\t\t\t<div class=\"elementor-icon-wrapper\">\n\t\t\t<div class=\"elementor-icon\">\n\t\t\t<svg aria-hidden=\"true\" class=\"e-font-icon-svg e-far-comments\" viewBox=\"0 0 576 512\" xmlns=\"http:\/\/www.w3.org\/2000\/svg\"><path d=\"M532 386.2c27.5-27.1 44-61.1 44-98.2 0-80-76.5-146.1-176.2-157.9C368.3 72.5 294.3 32 208 32 93.1 32 0 103.6 0 192c0 37 16.5 71 44 98.2-15.3 30.7-37.3 54.5-37.7 54.9-6.3 6.7-8.1 16.5-4.4 25 3.6 8.5 12 14 21.2 14 53.5 0 96.7-20.2 125.2-38.8 9.2 2.1 18.7 3.7 28.4 4.9C208.1 407.6 281.8 448 368 448c20.8 0 40.8-2.4 59.8-6.8C456.3 459.7 499.4 480 553 480c9.2 0 17.5-5.5 21.2-14 3.6-8.5 1.9-18.3-4.4-25-.4-.3-22.5-24.1-37.8-54.8zm-392.8-92.3L122.1 305c-14.1 9.1-28.5 16.3-43.1 21.4 2.7-4.7 5.4-9.7 8-14.8l15.5-31.1L77.7 256C64.2 242.6 48 220.7 48 192c0-60.7 73.3-112 160-112s160 51.3 160 112-73.3 112-160 112c-16.5 0-33-1.9-49-5.6l-19.8-4.5zM498.3 352l-24.7 24.4 15.5 31.1c2.6 5.1 5.3 10.1 8 14.8-14.6-5.1-29-12.3-43.1-21.4l-17.1-11.1-19.9 4.6c-16 3.7-32.5 5.6-49 5.6-54 0-102.2-20.1-131.3-49.7C338 339.5 416 272.9 416 192c0-3.4-.4-6.7-.7-10C479.7 196.5 528 238.8 528 288c0 28.7-16.2 50.6-29.7 64z\"><\/path><\/svg>\t\t\t<\/div>\n\t\t<\/div>\n\t\t\t\t\t\t<\/div>\n\t\t\t\t<\/div>\n\t\t\t\t<div class=\"elementor-element elementor-element-f1629b5 elementor-widget elementor-widget-text-editor\" data-id=\"f1629b5\" data-element_type=\"widget\" data-widget_type=\"text-editor.default\">\n\t\t\t\t<div class=\"elementor-widget-container\">\n\t\t\t\t\t\t\t\t\t<p><a href=\"https:\/\/www.tomasov.sk\/obec\/projekty-granty\/program-cerv-citizens-equality-rights-and-values\/gender-equality-in-a-global-perspective-tomasov-2024\/\">https:\/\/www.tomasov.sk\/obec\/projekty-granty\/program-cerv-citizens-equality-rights-and-values\/gender-equality-in-a-global-perspective-tomasov-2024\/<\/a><\/p>\t\t\t\t\t\t\t\t<\/div>\n\t\t\t\t<\/div>\n\t\t\t\t\t<\/div>\n\t\t\t\t<\/div>\n\t\t\t\t<\/div>\n\t\t","protected":false},"excerpt":{"rendered":"<p>Obec Tom\u00e1\u0161ov Projekt Gender equality in a Global perspective Opis projektu V z\u00e1ujme opakovanej realiz\u00e1cie podujatia predkladan\u00e9ho projektu bolo podporova\u0165 [&hellip;]<\/p>\n","protected":false},"author":1,"featured_media":0,"parent":14,"menu_order":0,"comment_status":"closed","ping_status":"closed","template":"","meta":{"om_disable_all_campaigns":false,"_monsterinsights_skip_tracking":false,"_monsterinsights_sitenote_active":false,"_monsterinsights_sitenote_note":"","_monsterinsights_sitenote_category":0,"_uf_show_specific_survey":0,"_uf_disable_surveys":false,"site-sidebar-layout":"no-sidebar","site-content-layout":"","ast-site-content-layout":"full-width-container","site-content-style":"default","site-sidebar-style":"default","ast-global-header-display":"","ast-banner-title-visibility":"","ast-main-header-display":"","ast-hfb-above-header-display":"","ast-hfb-below-header-display":"","ast-hfb-mobile-header-display":"","site-post-title":"disabled","ast-breadcrumbs-content":"","ast-featured-img":"disabled","footer-sml-layout":"","theme-transparent-header-meta":"","adv-header-id-meta":"","stick-header-meta":"","header-above-stick-meta":"","header-main-stick-meta":"","header-below-stick-meta":"","astra-migrate-meta-layouts":"default","ast-page-background-enabled":"default","ast-page-background-meta":{"desktop":{"background-color":"var(--ast-global-color-4)","background-image":"","background-repeat":"repeat","background-position":"center center","background-size":"auto","background-attachment":"scroll","background-type":"","background-media":"","overlay-type":"","overlay-color":"","overlay-opacity":"","overlay-gradient":""},"tablet":{"background-color":"","background-image":"","background-repeat":"repeat","background-position":"center center","background-size":"auto","background-attachment":"scroll","background-type":"","background-media":"","overlay-type":"","overlay-color":"","overlay-opacity":"","overlay-gradient":""},"mobile":{"background-color":"","background-image":"","background-repeat":"repeat","background-position":"center center","background-size":"auto","background-attachment":"scroll","background-type":"","background-media":"","overlay-type":"","overlay-color":"","overlay-opacity":"","overlay-gradient":""}},"ast-content-background-meta":{"desktop":{"background-color":"var(--ast-global-color-5)","background-image":"","background-repeat":"repeat","background-position":"center center","background-size":"auto","background-attachment":"scroll","background-type":"","background-media":"","overlay-type":"","overlay-color":"","overlay-opacity":"","overlay-gradient":""},"tablet":{"background-color":"var(--ast-global-color-5)","background-image":"","background-repeat":"repeat","background-position":"center center","background-size":"auto","background-attachment":"scroll","background-type":"","background-media":"","overlay-type":"","overlay-color":"","overlay-opacity":"","overlay-gradient":""},"mobile":{"background-color":"var(--ast-global-color-5)","background-image":"","background-repeat":"repeat","background-position":"center center","background-size":"auto","background-attachment":"scroll","background-type":"","background-media":"","overlay-type":"","overlay-color":"","overlay-opacity":"","overlay-gradient":""}},"footnotes":""},"class_list":["post-2311","page","type-page","status-publish","hentry"],"aioseo_notices":[],"_links":{"self":[{"href":"https:\/\/cerv.gov.sk\/index.php\/wp-json\/wp\/v2\/pages\/2311","targetHints":{"allow":["GET"]}}],"collection":[{"href":"https:\/\/cerv.gov.sk\/index.php\/wp-json\/wp\/v2\/pages"}],"about":[{"href":"https:\/\/cerv.gov.sk\/index.php\/wp-json\/wp\/v2\/types\/page"}],"author":[{"embeddable":true,"href":"https:\/\/cerv.gov.sk\/index.php\/wp-json\/wp\/v2\/users\/1"}],"replies":[{"embeddable":true,"href":"https:\/\/cerv.gov.sk\/index.php\/wp-json\/wp\/v2\/comments?post=2311"}],"version-history":[{"count":4,"href":"https:\/\/cerv.gov.sk\/index.php\/wp-json\/wp\/v2\/pages\/2311\/revisions"}],"predecessor-version":[{"id":2317,"href":"https:\/\/cerv.gov.sk\/index.php\/wp-json\/wp\/v2\/pages\/2311\/revisions\/2317"}],"up":[{"embeddable":true,"href":"https:\/\/cerv.gov.sk\/index.php\/wp-json\/wp\/v2\/pages\/14"}],"wp:attachment":[{"href":"https:\/\/cerv.gov.sk\/index.php\/wp-json\/wp\/v2\/media?parent=2311"}],"curies":[{"name":"wp","href":"https:\/\/api.w.org\/{rel}","templated":true}]}}