{"id":16,"date":"2024-09-12T12:09:27","date_gmt":"2024-09-12T10:09:27","guid":{"rendered":"https:\/\/cerv.gov.sk\/?page_id=16"},"modified":"2025-09-24T15:23:46","modified_gmt":"2025-09-24T13:23:46","slug":"kniznica","status":"publish","type":"page","link":"https:\/\/cerv.gov.sk\/index.php\/kniznica\/","title":{"rendered":"Kni\u017enica"},"content":{"rendered":"\t\t<div data-elementor-type=\"wp-page\" data-elementor-id=\"16\" class=\"elementor elementor-16\">\n\t\t\t\t<div class=\"elementor-element elementor-element-c15f9bb e-flex e-con-boxed e-con e-parent\" data-id=\"c15f9bb\" data-element_type=\"container\" data-settings=\"{&quot;background_background&quot;:&quot;classic&quot;}\">\n\t\t\t\t\t<div class=\"e-con-inner\">\n\t\t<div class=\"elementor-element elementor-element-b511722 e-con-full e-flex e-con e-child\" data-id=\"b511722\" data-element_type=\"container\">\n\t\t\t\t<div class=\"elementor-element elementor-element-ebdf0f3 elementor-widget elementor-widget-heading\" data-id=\"ebdf0f3\" data-element_type=\"widget\" data-widget_type=\"heading.default\">\n\t\t\t\t<div class=\"elementor-widget-container\">\n\t\t\t\t\t<h1 class=\"elementor-heading-title elementor-size-default\">Kni\u017enica<\/h1>\t\t\t\t<\/div>\n\t\t\t\t<\/div>\n\t\t\t\t<div class=\"elementor-element elementor-element-4c86722 elementor-widget elementor-widget-text-editor\" data-id=\"4c86722\" data-element_type=\"widget\" data-widget_type=\"text-editor.default\">\n\t\t\t\t<div class=\"elementor-widget-container\">\n\t\t\t\t\t\t\t\t\t<p>Na tejto str\u00e1nke n\u00e1jdete kni\u017enicu pomocn\u00fdch dokumentov k pr\u00edprave projektovej \u017eiadosti ako aj r\u00f4zne edukat\u00edvne vide\u00e1\u00a0<\/p>\t\t\t\t\t\t\t\t<\/div>\n\t\t\t\t<\/div>\n\t\t\t\t<\/div>\n\t\t\t\t\t<\/div>\n\t\t\t\t<\/div>\n\t\t<div class=\"elementor-element elementor-element-e86e9b2 e-flex e-con-boxed e-con e-parent\" data-id=\"e86e9b2\" data-element_type=\"container\" data-settings=\"{&quot;background_background&quot;:&quot;classic&quot;}\">\n\t\t\t\t\t<div class=\"e-con-inner\">\n\t\t\t\t<div class=\"elementor-element elementor-element-fbf8ac4 elementor-grid-eael-col-3 elementor-grid-tablet-eael-col-3 elementor-grid-mobile-eael-col-1 elementor-widget elementor-widget-eael-post-grid\" data-id=\"fbf8ac4\" data-element_type=\"widget\" data-settings=\"{&quot;eael_post_grid_columns&quot;:&quot;eael-col-3&quot;,&quot;eael_post_grid_columns_tablet&quot;:&quot;eael-col-3&quot;,&quot;eael_post_grid_columns_mobile&quot;:&quot;eael-col-1&quot;}\" data-widget_type=\"eael-post-grid.default\">\n\t\t\t\t<div class=\"elementor-widget-container\">\n\t\t\t\t\t<div id=\"eael-post-grid-fbf8ac4\" class=\"eael-post-grid-container\">\n            <div class=\"eael-post-grid eael-post-appender eael-post-appender-fbf8ac4 eael-post-grid-style-one\" data-layout-mode=\"grid\"><article class=\"eael-grid-post eael-post-grid-column\" data-id=\"1286\">\n        <div class=\"eael-grid-post-holder\">\n            <div class=\"eael-grid-post-holder-inner\"><div class=\"eael-entry-media\"><div class=\"eael-entry-overlay zoom-in\"><i class=\"fas fa-book-open\" aria-hidden=\"true\"><\/i><a href=\"https:\/\/cerv.gov.sk\/index.php\/2024\/11\/29\/prezentacie\/\"><\/a><\/div><div class=\"eael-entry-thumbnail eael-image-ratio\">\n                <img fetchpriority=\"high\" decoding=\"async\" width=\"300\" height=\"200\" src=\"https:\/\/cerv.gov.sk\/wp-content\/uploads\/2025\/10\/campaign-creators-gMsnXqILjp4-unsplash-1-300x200.jpg\" class=\"attachment-medium size-medium wp-image-3079\" alt=\"Ilustra\u010dn\u00fd obr\u00e1zok: prezent\u00e1cia\" srcset=\"https:\/\/cerv.gov.sk\/wp-content\/uploads\/2025\/10\/campaign-creators-gMsnXqILjp4-unsplash-1-300x200.jpg 300w, https:\/\/cerv.gov.sk\/wp-content\/uploads\/2025\/10\/campaign-creators-gMsnXqILjp4-unsplash-1.jpg 640w\" sizes=\"(max-width: 300px) 100vw, 300px\" \/>\n            <\/div>\n        <\/div><div class=\"eael-entry-wrapper\"><header class=\"eael-entry-header\"><h2 class=\"eael-entry-title\"><a\n                        class=\"eael-grid-post-link\"\n                        href=\"https:\/\/cerv.gov.sk\/index.php\/2024\/11\/29\/prezentacie\/\"\n                        title=\"Prezent\u00e1cie\">Prezent\u00e1cie<\/a><\/h2><\/header><div class=\"eael-entry-content\">\n                        <div class=\"eael-grid-post-excerpt\"><p>Prezent\u00e1cie z webin\u00e1rov k jednotliv\u00fdm v\u00fdzvam a u\u017eito\u010dn\u00e9 inform\u00e1cie k...<\/p><a href=\"https:\/\/cerv.gov.sk\/index.php\/2024\/11\/29\/prezentacie\/\" class=\"eael-post-elements-readmore-btn\">Chcem vedie\u0165 viac<\/a><\/div>\n                    <\/div><\/div><\/div>\n        <\/div>\n    <\/article><article class=\"eael-grid-post eael-post-grid-column\" data-id=\"1245\">\n        <div class=\"eael-grid-post-holder\">\n            <div class=\"eael-grid-post-holder-inner\"><div class=\"eael-entry-media\"><div class=\"eael-entry-overlay zoom-in\"><i class=\"fas fa-book-open\" aria-hidden=\"true\"><\/i><a href=\"https:\/\/cerv.gov.sk\/index.php\/2024\/11\/26\/pomocne-materialy\/\"><\/a><\/div><div class=\"eael-entry-thumbnail eael-image-ratio\">\n                <img decoding=\"async\" width=\"300\" height=\"212\" src=\"https:\/\/cerv.gov.sk\/wp-content\/uploads\/2024\/11\/Konzultacia-7-300x212.jpg\" class=\"attachment-medium size-medium wp-image-1247\" alt=\"Ilustra\u010dn\u00fd obr\u00e1zok - pero, papier, ruky\" srcset=\"https:\/\/cerv.gov.sk\/wp-content\/uploads\/2024\/11\/Konzultacia-7-300x212.jpg 300w, https:\/\/cerv.gov.sk\/wp-content\/uploads\/2024\/11\/Konzultacia-7-1024x724.jpg 1024w, https:\/\/cerv.gov.sk\/wp-content\/uploads\/2024\/11\/Konzultacia-7-768x543.jpg 768w, https:\/\/cerv.gov.sk\/wp-content\/uploads\/2024\/11\/Konzultacia-7-1536x1086.jpg 1536w, https:\/\/cerv.gov.sk\/wp-content\/uploads\/2024\/11\/Konzultacia-7.jpg 2000w\" sizes=\"(max-width: 300px) 100vw, 300px\" \/>\n            <\/div>\n        <\/div><div class=\"eael-entry-wrapper\"><header class=\"eael-entry-header\"><h2 class=\"eael-entry-title\"><a\n                        class=\"eael-grid-post-link\"\n                        href=\"https:\/\/cerv.gov.sk\/index.php\/2024\/11\/26\/pomocne-materialy\/\"\n                        title=\"Pomocn\u00e9 materi\u00e1ly\">Pomocn\u00e9 materi\u00e1ly<\/a><\/h2><\/header><div class=\"eael-entry-content\">\n                        <div class=\"eael-grid-post-excerpt\"><p>Datab\u00e1za u\u017eito\u010dn\u00fdch materi\u00e1lov vr\u00e1tane vzoru formul\u00e1ru \u017diadosti a r\u00f4znych manu\u00e1lov.<\/p><a href=\"https:\/\/cerv.gov.sk\/index.php\/2024\/11\/26\/pomocne-materialy\/\" class=\"eael-post-elements-readmore-btn\">Chcem vedie\u0165 viac<\/a><\/div>\n                    <\/div><\/div><\/div>\n        <\/div>\n    <\/article><article class=\"eael-grid-post eael-post-grid-column\" data-id=\"314\">\n        <div class=\"eael-grid-post-holder\">\n            <div class=\"eael-grid-post-holder-inner\"><div class=\"eael-entry-media\"><div class=\"eael-entry-overlay zoom-in\"><i class=\"fas fa-book-open\" aria-hidden=\"true\"><\/i><a href=\"https:\/\/cerv.gov.sk\/index.php\/2024\/09\/13\/projekt-3\/\"><\/a><\/div><div class=\"eael-entry-thumbnail eael-image-ratio\">\n                <img decoding=\"async\" width=\"300\" height=\"225\" src=\"https:\/\/cerv.gov.sk\/wp-content\/uploads\/2025\/10\/alexander-shatov-niUkImZcSP8-unsplash-300x225.jpg\" class=\"attachment-medium size-medium wp-image-3078\" alt=\"Ilustra\u010dn\u00fd obr\u00e1zok: video Youtube\" srcset=\"https:\/\/cerv.gov.sk\/wp-content\/uploads\/2025\/10\/alexander-shatov-niUkImZcSP8-unsplash-300x225.jpg 300w, https:\/\/cerv.gov.sk\/wp-content\/uploads\/2025\/10\/alexander-shatov-niUkImZcSP8-unsplash-1024x768.jpg 1024w, https:\/\/cerv.gov.sk\/wp-content\/uploads\/2025\/10\/alexander-shatov-niUkImZcSP8-unsplash-768x576.jpg 768w, https:\/\/cerv.gov.sk\/wp-content\/uploads\/2025\/10\/alexander-shatov-niUkImZcSP8-unsplash-1536x1152.jpg 1536w, https:\/\/cerv.gov.sk\/wp-content\/uploads\/2025\/10\/alexander-shatov-niUkImZcSP8-unsplash-2048x1536.jpg 2048w\" sizes=\"(max-width: 300px) 100vw, 300px\" \/>\n            <\/div>\n        <\/div><div class=\"eael-entry-wrapper\"><header class=\"eael-entry-header\"><h2 class=\"eael-entry-title\"><a\n                        class=\"eael-grid-post-link\"\n                        href=\"https:\/\/cerv.gov.sk\/index.php\/2024\/09\/13\/projekt-3\/\"\n                        title=\"Kni\u017enica vide\u00ed\">Kni\u017enica vide\u00ed<\/a><\/h2><\/header><div class=\"eael-entry-content\">\n                        <div class=\"eael-grid-post-excerpt\"><p>Vide\u00e1 o programe CERV s projektov\u00fdmi in\u0161pir\u00e1ciami<\/p><a href=\"https:\/\/cerv.gov.sk\/index.php\/2024\/09\/13\/projekt-3\/\" class=\"eael-post-elements-readmore-btn\">Chcem vedie\u0165 viac<\/a><\/div>\n                    <\/div><\/div><\/div>\n        <\/div>\n    <\/article><\/div>\n            <div class=\"clearfix\"><\/div>\n        <\/div>\t\t\t\t<\/div>\n\t\t\t\t<\/div>\n\t\t\t\t\t<\/div>\n\t\t\t\t<\/div>\n\t\t\t\t<\/div>\n\t\t","protected":false},"excerpt":{"rendered":"<p>Kni\u017enica Na tejto str\u00e1nke n\u00e1jdete kni\u017enicu pomocn\u00fdch dokumentov k pr\u00edprave projektovej \u017eiadosti ako aj r\u00f4zne edukat\u00edvne vide\u00e1\u00a0 Prezent\u00e1cie Prezent\u00e1cie k [&hellip;]<\/p>\n","protected":false},"author":1,"featured_media":0,"parent":0,"menu_order":0,"comment_status":"closed","ping_status":"closed","template":"","meta":{"om_disable_all_campaigns":false,"_monsterinsights_skip_tracking":false,"_monsterinsights_sitenote_active":false,"_monsterinsights_sitenote_note":"","_monsterinsights_sitenote_category":0,"_uf_show_specific_survey":0,"_uf_disable_surveys":false,"site-sidebar-layout":"no-sidebar","site-content-layout":"","ast-site-content-layout":"full-width-container","site-content-style":"default","site-sidebar-style":"default","ast-global-header-display":"","ast-banner-title-visibility":"","ast-main-header-display":"","ast-hfb-above-header-display":"","ast-hfb-below-header-display":"","ast-hfb-mobile-header-display":"","site-post-title":"disabled","ast-breadcrumbs-content":"","ast-featured-img":"disabled","footer-sml-layout":"","theme-transparent-header-meta":"","adv-header-id-meta":"","stick-header-meta":"","header-above-stick-meta":"","header-main-stick-meta":"","header-below-stick-meta":"","astra-migrate-meta-layouts":"default","ast-page-background-enabled":"default","ast-page-background-meta":{"desktop":{"background-color":"var(--ast-global-color-4)","background-image":"","background-repeat":"repeat","background-position":"center center","background-size":"auto","background-attachment":"scroll","background-type":"","background-media":"","overlay-type":"","overlay-color":"","overlay-opacity":"","overlay-gradient":""},"tablet":{"background-color":"","background-image":"","background-repeat":"repeat","background-position":"center center","background-size":"auto","background-attachment":"scroll","background-type":"","background-media":"","overlay-type":"","overlay-color":"","overlay-opacity":"","overlay-gradient":""},"mobile":{"background-color":"","background-image":"","background-repeat":"repeat","background-position":"center center","background-size":"auto","background-attachment":"scroll","background-type":"","background-media":"","overlay-type":"","overlay-color":"","overlay-opacity":"","overlay-gradient":""}},"ast-content-background-meta":{"desktop":{"background-color":"var(--ast-global-color-5)","background-image":"","background-repeat":"repeat","background-position":"center center","background-size":"auto","background-attachment":"scroll","background-type":"","background-media":"","overlay-type":"","overlay-color":"","overlay-opacity":"","overlay-gradient":""},"tablet":{"background-color":"var(--ast-global-color-5)","background-image":"","background-repeat":"repeat","background-position":"center center","background-size":"auto","background-attachment":"scroll","background-type":"","background-media":"","overlay-type":"","overlay-color":"","overlay-opacity":"","overlay-gradient":""},"mobile":{"background-color":"var(--ast-global-color-5)","background-image":"","background-repeat":"repeat","background-position":"center center","background-size":"auto","background-attachment":"scroll","background-type":"","background-media":"","overlay-type":"","overlay-color":"","overlay-opacity":"","overlay-gradient":""}},"footnotes":""},"class_list":["post-16","page","type-page","status-publish","hentry"],"aioseo_notices":[],"_links":{"self":[{"href":"https:\/\/cerv.gov.sk\/index.php\/wp-json\/wp\/v2\/pages\/16","targetHints":{"allow":["GET"]}}],"collection":[{"href":"https:\/\/cerv.gov.sk\/index.php\/wp-json\/wp\/v2\/pages"}],"about":[{"href":"https:\/\/cerv.gov.sk\/index.php\/wp-json\/wp\/v2\/types\/page"}],"author":[{"embeddable":true,"href":"https:\/\/cerv.gov.sk\/index.php\/wp-json\/wp\/v2\/users\/1"}],"replies":[{"embeddable":true,"href":"https:\/\/cerv.gov.sk\/index.php\/wp-json\/wp\/v2\/comments?post=16"}],"version-history":[{"count":32,"href":"https:\/\/cerv.gov.sk\/index.php\/wp-json\/wp\/v2\/pages\/16\/revisions"}],"predecessor-version":[{"id":3015,"href":"https:\/\/cerv.gov.sk\/index.php\/wp-json\/wp\/v2\/pages\/16\/revisions\/3015"}],"wp:attachment":[{"href":"https:\/\/cerv.gov.sk\/index.php\/wp-json\/wp\/v2\/media?parent=16"}],"curies":[{"name":"wp","href":"https:\/\/api.w.org\/{rel}","templated":true}]}}