{"id":14,"date":"2024-09-12T12:08:06","date_gmt":"2024-09-12T10:08:06","guid":{"rendered":"https:\/\/cerv.gov.sk\/?page_id=14"},"modified":"2025-08-14T13:02:35","modified_gmt":"2025-08-14T11:02:35","slug":"projekty","status":"publish","type":"page","link":"https:\/\/cerv.gov.sk\/index.php\/projekty\/","title":{"rendered":"Projekty"},"content":{"rendered":"\t\t<div data-elementor-type=\"wp-page\" data-elementor-id=\"14\" class=\"elementor elementor-14\">\n\t\t\t\t<div class=\"elementor-element elementor-element-946d646 e-flex e-con-boxed e-con e-parent\" data-id=\"946d646\" data-element_type=\"container\" data-settings=\"{&quot;background_background&quot;:&quot;classic&quot;}\">\n\t\t\t\t\t<div class=\"e-con-inner\">\n\t\t<div class=\"elementor-element elementor-element-43e074f e-con-full e-flex e-con e-child\" data-id=\"43e074f\" data-element_type=\"container\">\n\t\t\t\t<div class=\"elementor-element elementor-element-41de992 elementor-widget elementor-widget-heading\" data-id=\"41de992\" data-element_type=\"widget\" data-widget_type=\"heading.default\">\n\t\t\t\t<div class=\"elementor-widget-container\">\n\t\t\t\t\t<h1 class=\"elementor-heading-title elementor-size-default\">Projekty<\/h1>\t\t\t\t<\/div>\n\t\t\t\t<\/div>\n\t\t\t\t<div class=\"elementor-element elementor-element-c5351b8 elementor-widget elementor-widget-text-editor\" data-id=\"c5351b8\" data-element_type=\"widget\" data-widget_type=\"text-editor.default\">\n\t\t\t\t<div class=\"elementor-widget-container\">\n\t\t\t\t\t\t\t\t\t<p>In\u0161pirujte sa \u00faspe\u0161n\u00fdmi projektmi organiz\u00e1ci\u00ed, ktor\u00e9 vyu\u017eili program CERV\u00a0 \u00a0 \u00a0 \u00a0 \u00a0a prispejte tak k zmene va\u0161ej komunity \u010di celej spolo\u010dnosti aj vy<\/p>\t\t\t\t\t\t\t\t<\/div>\n\t\t\t\t<\/div>\n\t\t\t\t<\/div>\n\t\t\t\t\t<\/div>\n\t\t\t\t<\/div>\n\t\t<div class=\"elementor-element elementor-element-85be351 e-flex e-con-boxed e-con e-parent\" data-id=\"85be351\" data-element_type=\"container\">\n\t\t\t\t\t<div class=\"e-con-inner\">\n\t\t<div class=\"elementor-element elementor-element-a786dc2 e-con-full e-flex e-con e-child\" data-id=\"a786dc2\" data-element_type=\"container\">\n\t\t\t\t<div class=\"elementor-element elementor-element-3f86526 elementor-position-top elementor-widget elementor-widget-image-box\" data-id=\"3f86526\" data-element_type=\"widget\" data-widget_type=\"image-box.default\">\n\t\t\t\t<div class=\"elementor-widget-container\">\n\t\t\t\t\t<div class=\"elementor-image-box-wrapper\"><figure class=\"elementor-image-box-img\"><a href=\"https:\/\/cerv.gov.sk\/?page_id=2186&#038;preview=true&#038;csrt=5021352339130319783\" tabindex=\"-1\"><img decoding=\"async\" width=\"210\" height=\"123\" src=\"https:\/\/cerv.gov.sk\/wp-content\/uploads\/2025\/03\/logo-pontis-210.png\" class=\"attachment-full size-full wp-image-2195\" alt=\"\" \/><\/a><\/figure><div class=\"elementor-image-box-content\"><h3 class=\"elementor-image-box-title\"><a href=\"https:\/\/cerv.gov.sk\/?page_id=2186&#038;preview=true&#038;csrt=5021352339130319783\">Impact Acceleration of Slovak CSOs (Impact AS)<\/a><\/h3><p class=\"elementor-image-box-description\">\n<\/p><\/div><\/div>\t\t\t\t<\/div>\n\t\t\t\t<\/div>\n\t\t\t\t<div class=\"elementor-element elementor-element-3a72a73 elementor-position-top elementor-widget elementor-widget-image-box\" data-id=\"3a72a73\" data-element_type=\"widget\" data-widget_type=\"image-box.default\">\n\t\t\t\t<div class=\"elementor-widget-container\">\n\t\t\t\t\t<div class=\"elementor-image-box-wrapper\"><figure class=\"elementor-image-box-img\"><a href=\"https:\/\/cerv.gov.sk\/index.php\/projekty\/obec-tomasov\/?csrt=12629858148658116845\" tabindex=\"-1\"><img fetchpriority=\"high\" decoding=\"async\" width=\"200\" height=\"307\" src=\"https:\/\/cerv.gov.sk\/wp-content\/uploads\/2025\/03\/102sk_3_big.png\" class=\"attachment-full size-full wp-image-2318\" alt=\"\" srcset=\"https:\/\/cerv.gov.sk\/wp-content\/uploads\/2025\/03\/102sk_3_big.png 200w, https:\/\/cerv.gov.sk\/wp-content\/uploads\/2025\/03\/102sk_3_big-195x300.png 195w\" sizes=\"(max-width: 200px) 100vw, 200px\" \/><\/a><\/figure><div class=\"elementor-image-box-content\"><h3 class=\"elementor-image-box-title\"><a href=\"https:\/\/cerv.gov.sk\/index.php\/projekty\/obec-tomasov\/?csrt=12629858148658116845\">Gender equality in a Global perspective<\/a><\/h3><p class=\"elementor-image-box-description\">\n<\/p><\/div><\/div>\t\t\t\t<\/div>\n\t\t\t\t<\/div>\n\t\t\t\t<\/div>\n\t\t\t\t<div class=\"elementor-element elementor-element-fa70b07 elementor-position-top elementor-widget elementor-widget-image-box\" data-id=\"fa70b07\" data-element_type=\"widget\" data-widget_type=\"image-box.default\">\n\t\t\t\t<div class=\"elementor-widget-container\">\n\t\t\t\t\t<div class=\"elementor-image-box-wrapper\"><figure class=\"elementor-image-box-img\"><a href=\"https:\/\/cerv.gov.sk\/index.php\/projekty\/digitalna-inteligencia\/?csrt=12629858148658116845\" tabindex=\"-1\"><img decoding=\"async\" width=\"500\" height=\"500\" src=\"https:\/\/cerv.gov.sk\/wp-content\/uploads\/2025\/03\/A.png\" class=\"attachment-full size-full wp-image-2307\" alt=\"\" srcset=\"https:\/\/cerv.gov.sk\/wp-content\/uploads\/2025\/03\/A.png 500w, https:\/\/cerv.gov.sk\/wp-content\/uploads\/2025\/03\/A-300x300.png 300w, https:\/\/cerv.gov.sk\/wp-content\/uploads\/2025\/03\/A-150x150.png 150w\" sizes=\"(max-width: 500px) 100vw, 500px\" \/><\/a><\/figure><div class=\"elementor-image-box-content\"><h3 class=\"elementor-image-box-title\"><a href=\"https:\/\/cerv.gov.sk\/index.php\/projekty\/digitalna-inteligencia\/?csrt=12629858148658116845\">Monitoring and Reporting for Safer Online Environments (SafeNet)<\/a><\/h3><p class=\"elementor-image-box-description\">\n<\/p><\/div><\/div>\t\t\t\t<\/div>\n\t\t\t\t<\/div>\n\t\t<div class=\"elementor-element elementor-element-5af84ef e-con-full e-flex e-con e-child\" data-id=\"5af84ef\" data-element_type=\"container\">\n\t\t\t\t<div class=\"elementor-element elementor-element-84f0d92 elementor-position-top elementor-widget elementor-widget-image-box\" data-id=\"84f0d92\" data-element_type=\"widget\" data-widget_type=\"image-box.default\">\n\t\t\t\t<div class=\"elementor-widget-container\">\n\t\t\t\t\t<div class=\"elementor-image-box-wrapper\"><figure class=\"elementor-image-box-img\"><a href=\"https:\/\/cerv.gov.sk\/index.php\/projekty\/adel-slovakia\/?csrt=12715499346540903869\" tabindex=\"-1\"><img loading=\"lazy\" decoding=\"async\" width=\"1398\" height=\"856\" src=\"https:\/\/cerv.gov.sk\/wp-content\/uploads\/2025\/03\/logo_adel.png\" class=\"attachment-full size-full wp-image-2276\" alt=\"\" srcset=\"https:\/\/cerv.gov.sk\/wp-content\/uploads\/2025\/03\/logo_adel.png 1398w, https:\/\/cerv.gov.sk\/wp-content\/uploads\/2025\/03\/logo_adel-300x184.png 300w, https:\/\/cerv.gov.sk\/wp-content\/uploads\/2025\/03\/logo_adel-1024x627.png 1024w, https:\/\/cerv.gov.sk\/wp-content\/uploads\/2025\/03\/logo_adel-768x470.png 768w\" sizes=\"(max-width: 1398px) 100vw, 1398px\" \/><\/a><\/figure><div class=\"elementor-image-box-content\"><h3 class=\"elementor-image-box-title\"><a href=\"https:\/\/cerv.gov.sk\/index.php\/projekty\/adel-slovakia\/?csrt=12715499346540903869\">EULECTIONPLAY<\/a><\/h3><p class=\"elementor-image-box-description\">\n<\/p><\/div><\/div>\t\t\t\t<\/div>\n\t\t\t\t<\/div>\n\t\t\t\t<\/div>\n\t\t\t\t\t<\/div>\n\t\t\t\t<\/div>\n\t\t\t\t<\/div>\n\t\t","protected":false},"excerpt":{"rendered":"<p>Projekty In\u0161pirujte sa \u00faspe\u0161n\u00fdmi projektmi organiz\u00e1ci\u00ed, ktor\u00e9 vyu\u017eili program CERV\u00a0 \u00a0 \u00a0 \u00a0 \u00a0a prispejte tak k zmene va\u0161ej komunity [&hellip;]<\/p>\n","protected":false},"author":1,"featured_media":0,"parent":0,"menu_order":0,"comment_status":"closed","ping_status":"closed","template":"","meta":{"om_disable_all_campaigns":false,"_monsterinsights_skip_tracking":false,"_monsterinsights_sitenote_active":false,"_monsterinsights_sitenote_note":"","_monsterinsights_sitenote_category":0,"_uf_show_specific_survey":0,"_uf_disable_surveys":false,"site-sidebar-layout":"no-sidebar","site-content-layout":"","ast-site-content-layout":"full-width-container","site-content-style":"default","site-sidebar-style":"default","ast-global-header-display":"","ast-banner-title-visibility":"","ast-main-header-display":"","ast-hfb-above-header-display":"","ast-hfb-below-header-display":"","ast-hfb-mobile-header-display":"","site-post-title":"disabled","ast-breadcrumbs-content":"","ast-featured-img":"disabled","footer-sml-layout":"","theme-transparent-header-meta":"","adv-header-id-meta":"","stick-header-meta":"","header-above-stick-meta":"","header-main-stick-meta":"","header-below-stick-meta":"","astra-migrate-meta-layouts":"default","ast-page-background-enabled":"default","ast-page-background-meta":{"desktop":{"background-color":"var(--ast-global-color-4)","background-image":"","background-repeat":"repeat","background-position":"center center","background-size":"auto","background-attachment":"scroll","background-type":"","background-media":"","overlay-type":"","overlay-color":"","overlay-opacity":"","overlay-gradient":""},"tablet":{"background-color":"","background-image":"","background-repeat":"repeat","background-position":"center center","background-size":"auto","background-attachment":"scroll","background-type":"","background-media":"","overlay-type":"","overlay-color":"","overlay-opacity":"","overlay-gradient":""},"mobile":{"background-color":"","background-image":"","background-repeat":"repeat","background-position":"center center","background-size":"auto","background-attachment":"scroll","background-type":"","background-media":"","overlay-type":"","overlay-color":"","overlay-opacity":"","overlay-gradient":""}},"ast-content-background-meta":{"desktop":{"background-color":"var(--ast-global-color-5)","background-image":"","background-repeat":"repeat","background-position":"center center","background-size":"auto","background-attachment":"scroll","background-type":"","background-media":"","overlay-type":"","overlay-color":"","overlay-opacity":"","overlay-gradient":""},"tablet":{"background-color":"var(--ast-global-color-5)","background-image":"","background-repeat":"repeat","background-position":"center center","background-size":"auto","background-attachment":"scroll","background-type":"","background-media":"","overlay-type":"","overlay-color":"","overlay-opacity":"","overlay-gradient":""},"mobile":{"background-color":"var(--ast-global-color-5)","background-image":"","background-repeat":"repeat","background-position":"center center","background-size":"auto","background-attachment":"scroll","background-type":"","background-media":"","overlay-type":"","overlay-color":"","overlay-opacity":"","overlay-gradient":""}},"footnotes":""},"class_list":["post-14","page","type-page","status-publish","hentry"],"aioseo_notices":[],"_links":{"self":[{"href":"https:\/\/cerv.gov.sk\/index.php\/wp-json\/wp\/v2\/pages\/14","targetHints":{"allow":["GET"]}}],"collection":[{"href":"https:\/\/cerv.gov.sk\/index.php\/wp-json\/wp\/v2\/pages"}],"about":[{"href":"https:\/\/cerv.gov.sk\/index.php\/wp-json\/wp\/v2\/types\/page"}],"author":[{"embeddable":true,"href":"https:\/\/cerv.gov.sk\/index.php\/wp-json\/wp\/v2\/users\/1"}],"replies":[{"embeddable":true,"href":"https:\/\/cerv.gov.sk\/index.php\/wp-json\/wp\/v2\/comments?post=14"}],"version-history":[{"count":73,"href":"https:\/\/cerv.gov.sk\/index.php\/wp-json\/wp\/v2\/pages\/14\/revisions"}],"predecessor-version":[{"id":2339,"href":"https:\/\/cerv.gov.sk\/index.php\/wp-json\/wp\/v2\/pages\/14\/revisions\/2339"}],"wp:attachment":[{"href":"https:\/\/cerv.gov.sk\/index.php\/wp-json\/wp\/v2\/media?parent=14"}],"curies":[{"name":"wp","href":"https:\/\/api.w.org\/{rel}","templated":true}]}}